?
2582093
List the prime factors of 5400902.
2, 13, 19, 29
List the prime factors of 389001.
3, 127, 1021
What are the prime factors of 4198855?
5, 839771
What are the prime factors of 226873?
307, 739
List the prime factors of 3115209.
3, 29, 61, 587
List the prime factors of 1616785.
5, 17, 23, 827
What are the prime factors of 1143894?
2, 3, 190649
What are the prime factors of 15295550?
2, 5, 179, 1709
What are the prime factors of 2444140?
2, 5, 122207
What are the prime factors of 51778?
2, 25889
List the prime factors of 1350220.
2, 5, 67511
List the prime factors of 3790266.
2, 3, 631711
What are the prime factors of 100631?
103, 977
What are the prime factors of 80981?
47, 1723
What are the prime factors of 18738421?
13, 157, 9181
What are the prime factors of 1233281?
7, 25169
What are the prime factors of 496314?
2, 3, 7, 13, 101
List the prime factors of 410439.
3, 136813
What are the prime factors of 4259676?
2, 3, 354973
List the prime factors of 1114656.
2, 3, 17, 683
What are the prime factors of 26731384?
2, 103, 32441
List the prime factors of 2027397.
3, 97, 6967
What are the prime factors of 4065210?
2, 3, 5, 17, 2657
What are the prime factors of 1875448?
2, 234431
What are the prime factors of 2036212?
2, 509053
What are the prime factors of 17942785?
5, 7, 59, 8689
List the prime factors of 1163000.
2, 5, 1163
List the prime factors of 13460.
2, 5, 673
What are the prime factors of 13418142?
2, 3, 19, 117703
What are the prime factors of 391249?
391249
What are the prime factors of 1556879?
19, 67, 1223
List the prime factors of 9218125.
5, 7, 43
List the prime factors of 13283655.
3, 5, 7, 11, 31, 53
What are the prime factors of 2083035?
3, 5, 138869
What are the prime factors of 18568880?
2, 5, 11, 21101
List the prime factors of 422408.
2, 7, 19, 397
List the prime factors of 5544186.
2, 3, 924031
What are the prime factors of 15852209?
15852209
List the prime factors of 11212281.
3, 163, 7643
List the prime factors of 929735.
5, 185947
What are the prime factors of 379588?
2, 11, 8627
What are the prime factors of 28176?
2, 3, 587
List the prime factors of 684224.
2, 10691
List the prime factors of 2556171.
3, 17, 5569
What are the prime factors of 1585361?
751, 2111
What are the prime factors of 92076?
2, 3, 7673
What are the prime factors of 130745?
5, 79, 331
What are the prime factors of 350601?
3, 116867
List the prime factors of 2758385.
5, 7, 53, 1487
What are the prime factors of 227361?
3, 75787
What are the prime factors of 339087?
3, 7, 67, 241
What are the prime factors of 2970200?
2, 5, 14851
What are the prime factors of 917051?
917051
List the prime factors of 9242368.
2, 79, 457
List the prime factors of 206261.
11, 17, 1103
What are the prime factors of 9092560?
2, 5, 113657
What are the prime factors of 249312?
2, 3, 7, 53
List the prime factors of 256744.
2, 67, 479
What are the prime factors of 2044877?
29, 107, 659
What are the prime factors of 3917?
3917
What are the prime factors of 8366524?
2, 2091631
What are the prime factors of 1982869?
7, 283267
What are the prime factors of 687204?
2, 3, 7, 101
What are the prime factors of 17373204?
2, 3, 29, 43
List the prime factors of 2096386.
2, 1048193
List the prime factors of 445792.
2, 13931
What are the prime factors of 444488?
2, 11, 5051
List the prime factors of 18941409.
3, 2104601
List the prime factors of 11068226.
2, 13, 425701
What are the prime factors of 13342?
2, 7, 953
What are the prime factors of 4989198?
2, 3, 101, 8233
List the prime factors of 8545209.
3, 823, 3461
List the prime factors of 1911556.
2, 223, 2143
List the prime factors of 57352.
2, 67, 107
List the prime factors of 33745244.
2, 13, 49919
List the prime factors of 28056510.
2, 3, 5, 103913
What are the prime factors of 1017466?
2, 43, 11831
What are the prime factors of 1100238?
2, 3, 183373
List the prime factors of 726458.
2, 37, 9817
What are the prime factors of 667926?
2, 3, 7, 19, 31
List the prime factors of 4129931.
13, 163, 1949
What are the prime factors of 7681155?
3, 5, 401, 1277
List the prime factors of 980398.
2, 23, 21313
List the prime factors of 356427.
3, 43, 307
What are the prime factors of 181548?
2, 3, 41
What are the prime factors of 791408?
2, 49463
List the prime factors of 119268.
2, 3, 3313
List the prime factors of 10510555.
5, 11, 41, 59, 79
What are the prime factors of 4094163?
3, 454907
What are the prime factors of 509421?
3, 11, 43, 359
What are the prime factors of 2507960?
2, 5, 7, 13, 53
List the prime factors of 1548739.
1548739
List the prime factors of 2975012.
2, 577, 1289
List the prime factors of 8622972.
2, 3, 239527
List the prime factors of 8649224.
2, 1081153
List the prime factors of 260204.
2, 7, 9293
List the prime factors of 517469.
517469
List the prime factors of 212083.
23, 9221
What are the prime factors of 7476731?
67, 111593
List the prime factors of 18499256.
2, 2312407
List the prime factors of 3089554.
2, 13, 331, 359
What are the prime factors of 2571240?
2, 3, 5, 7, 3061
List the prime factors of 821183.
11, 74653
List the prime factors of 442099.
7, 137, 461
List the prime factors of 340807.
37, 61, 151
List the prime factors of 2233674.
2, 3, 31, 4003
List the prime factors of 1807262.
2, 313, 2887
List the prime factors of 65865.
3, 5, 4391
What are the prime factors of 1492714?
2, 673, 1109
What are the prime factors of 97129?
23, 41, 103
What are the prime factors of 1127000?
2, 5, 7, 23
What are the prime factors of 2790533?
17, 164149
What are the prime factors of 346632?
2, 3, 11, 13, 101
List the prime factors of 3823301.
3823301
What are the prime factors of 7704402?
2, 3, 23, 55829
List the prime factors of 1113538.
2, 556769
What are the prime factors of 19965929?
47, 181, 2347
What are the prime factors of 238699?
29, 8231
What are the prime factors of 8515118?
2, 43, 99013
What are the prime factors of 233977?
83, 2819
List the prime factors of 1390818.
2, 3, 11, 13, 1621
What are the prime factors of 218397?
3, 43, 1693
What are the prime factors of 576946?
2, 17, 71, 239
What are the prime factors of 1439871?
3, 479957
List the prime factors of 27196375.
5, 97, 2243
List the prime factors of 36741182.
2, 17, 179, 6037
List the prime factors of 9396277.
11, 151, 5657
What are the prime factors of 38752957?
47, 824531
What are the prime factors of 2433946?
2, 1216973
List the prime factors of 3864469.
7, 89, 6203
List the prime factors of 36382135.
5, 7276427
List the prime factors of 21967515.
3, 5, 19, 25693
What are the prime factors of 9404721?
3, 348323
What are the prime factors of 80373?
3, 73, 367
What are the prime factors of 964370?
2, 5, 11, 797
List the prime factors of 3271433.
11, 297403
What are the prime factors of 609321?
3, 197, 1031
List the prime factors of 562201.
562201
What are the prime factors of 112293?
3, 4159
What are the prime factors of 4276134?
2, 3, 237563
What are the prime factors of 2300935?
5, 7, 13, 389
List the prime factors of 3521172.
2, 3, 293431
List the prime factors of 1157877.
3, 7, 18379
List the prime factors of 108915.
3, 5, 53, 137
List the prime factors of 307257.
3, 23, 61, 73
What are the prime factors of 325730?
2, 5, 32573
What are the prime factors of 1625232?
2, 3, 7, 691
What are the prime factors of 11606925?
3, 5, 11, 1279
List the prime factors of 8375956.
2, 23, 181, 503
What are the prime factors of 435651?
3, 19, 7643
What are the prime factors of 152274?
2, 3, 41, 619
What are the prime factors of 86819?
17, 5107
What are the prime factors of 196181?
196181
List the prime factors of 170217.
3, 18913
List the prime factors of 465228.
2, 3, 12923
List the prime factors of 124785.
3, 5, 47, 59
What are the prime factors of 16296002?
2, 541, 15061
List the prime factors of 405418.
2, 13, 31, 503
What are the prime factors of 277479?
3, 43, 239
What are the prime factors of 173162?
2, 11, 17, 463
What are the prime factors of 1308523?
1308523
What are the prime factors of 111512?
2, 53, 263
List the prime factors of 2442835.
5, 488567
List the prime factors of 475639.
475639
List the prime factors of 68367.
3, 13, 1753
What are the prime factors of 18406?
2, 9203
List the prime factors of 280707.
3, 7, 13367
List the prime f